50?
5
What is the units digit of 698?
8
What is the thousands digit of 28965?
8
What is the hundreds digit of 1793?
7
What is the hundreds digit of 9504?
5
What is the units digit of 29685?
5
What is the units digit of 22801?
1
What is the tens digit of 874?
7
What is the units digit of 75297?
7
What is the units digit of 835?
5
What is the hundreds digit of 1766?
7
What is the tens digit of 25046?
4
What is the thousands digit of 4140?
4
What is the thousands digit of 11127?
1
What is the units digit of 62138?
8
What is the units digit of 20241?
1
What is the ten thousands digit of 80694?
8
What is the hundreds digit of 56943?
9
What is the hundreds digit of 41343?
3
What is the hundreds digit of 3996?
9
What is the units digit of 257?
7
What is the ten thousands digit of 33728?
3
What is the thousands digit of 1056?
1
What is the units digit of 8828?
8
What is the thousands digit of 11789?
1
What is the hundreds digit of 3235?
2
What is the tens digit of 1225?
2
What is the units digit of 79919?
9
What is the thousands digit of 1605?
1
What is the ten thousands digit of 30296?
3
What is the tens digit of 331?
3
What is the tens digit of 4250?
5
What is the ten thousands digit of 149048?
4
What is the tens digit of 884?
8
What is the hundreds digit of 222?
2
What is the units digit of 1389?
9
What is the ten thousands digit of 32011?
3
What is the hundreds digit of 5606?
6
What is the thousands digit of 1046?
1
What is the hundreds digit of 566?
5
What is the hundreds digit of 1669?
6
What is the hundreds digit of 916?
9
What is the tens digit of 892?
9
What is the tens digit of 75?
7
What is the units digit of 2271?
1
What is the units digit of 140569?
9
What is the units digit of 86799?
9
What is the thousands digit of 2374?
2
What is the units digit of 4043?
3
What is the tens digit of 3044?
4
What is the thousands digit of 7725?
7
What is the thousands digit of 7105?
7
What is the hundreds digit of 80055?
0
What is the thousands digit of 15070?
5
What is the tens digit of 2859?
5
What is the thousands digit of 2679?
2
What is the thousands digit of 59920?
9
What is the hundreds digit of 42999?
9
What is the units digit of 3276?
6
What is the thousands digit of 30522?
0
What is the thousands digit of 29052?
9
What is the units digit of 15640?
0
What is the tens digit of 86?
8
What is the ten thousands digit of 19433?
1
What is the units digit of 793?
3
What is the thousands digit of 7431?
7
What is the hundreds digit of 818?
8
What is the hundreds digit of 2400?
4
What is the hundreds digit of 44548?
5
What is the thousands digit of 31690?
1
What is the hundreds digit of 18939?
9
What is the tens digit of 2263?
6
What is the units digit of 1241?
1
What is the tens digit of 31541?
4
What is the tens digit of 2575?
7
What is the units digit of 480?
0
What is the thousands digit of 125004?
5
What is the thousands digit of 42227?
2
What is the thousands digit of 64906?
4
What is the thousands digit of 140314?
0
What is the ten thousands digit of 144937?
4
What is the hundreds digit of 21943?
9
What is the hundreds digit of 792?
7
What is the tens digit of 521?
2
What is the tens digit of 490?
9
What is the units digit of 502?
2
What is the thousands digit of 3328?
3
What is the hundreds digit of 650?
6
What is the thousands digit of 35255?
5
What is the units digit of 79875?
5
What is the hundreds digit of 1438?
4
What is the hundreds digit of 893?
8
What is the hundreds digit of 54834?
8
What is the hundreds digit of 1095?
0
What is the hundreds digit of 5772?
7
What is the hundreds digit of 4407?
4
What is the thousands digit of 8180?
8
What is the tens digit of 128494?
9
What is the tens digit of 31306?
0
What is the tens digit of 16?
1
What is the ten thousands digit of 19057?
1
What is the hundreds digit of 37289?
2
What is the ten thousands digit of 13402?
1
What is the hundreds digit of 18539?
5
What is the hundreds digit of 858?
8
What is the hundreds digit of 4342?
3
What is the tens digit of 266?
6
What is the thousands digit of 5637?
5
What is the units digit of 21263?
3
What is the units digit of 6582?
2
What is the ten thousands digit of 102421?
0
What is the units digit of 13401?
1
What is the hundreds digit of 28753?
7
What is the thousands digit of 88449?
8
What is the hundreds digit of 106098?
0
What is the units digit of 67714?
4
What is the hundreds digit of 7195?
1
What is the tens digit of 593?
9
What is the hundreds digit of 499?
4
What is the ten thousands digit of 55511?
5
What is the hundreds digit of 15712?
7
What is the hundreds digit of 35777?
7
What is the ten thousands digit of 27652?
2
What is the hundreds digit of 57451?
4
What is the units digit of 1280?
0
What is the thousands digit of 5364?
5
What is the tens digit of 929?
2
What is the units digit of 1773?
3
What is the tens digit of 9826?
2
What is the thousands digit of 5588?
5
What is the hundreds digit of 10906?
9
What is the thousands digit of 19962?
9
What is the hundreds digit of 974?
9
What is the thousands digit of 39670?
9
What is the units digit of 24366?
6
What is the thousands digit of 9474?
9
What is the thousands digit of 17543?
7
What is the hundreds digit of 1315?
3
What is the hundreds digit of 14329?
3
What is the units digit of 6099?
9
What is the thousands digit of 134941?
4
What is the hundreds digit of 4825?
8
What is the hundreds digit of 35582?
5
What is the ten thousands digit of 19629?
1
What is the units digit of 625?
5
What is the hundreds digit of 665?
6
What is the ten thousands digit of 44348?
4
What is the thousands digit of 55678?
5
What is the hundreds digit of 49846?
8
What is the tens digit of 3302?
0
What is the tens digit of 259?
5
What is the thousands digit of 22697?
2
What is the units digit of 1466?
6
What is the units digit of 583?
3
What is the units digit of 166?
6
What is the tens digit of 241?
4
What is the units digit of 11467?
7
What is the units digit of 56759?
9
What is the tens digit of 26897?
9
What is the hundreds digit of 37046?
0
What is the tens digit of 69882?
8
What is the hundreds digit of 390?
3
What is the hundreds digit of 3413?
4
What is the tens digit of 20314?
1
What is the hundreds digit of 221?
2
What is the tens digit of 753?
5
What is the units digit of 555?
5
What is the hundreds digit of 354?
3
What is the tens digit of 351?
5
What is the thousands digit of 3303?
3
What is the hundreds digit of 6883?
8
What is the tens digit of 1762?
6
What is the units digit of 873?
3
What is the hundreds digit of 6019?
0
What is the units digit of 9285?
5
What is the hundreds digit of 1713?
7
What is the tens digit of 16774?
7
What is the units digit of 733?
3
What is the hundreds digit of 133504?
5
What is the hundreds digit of 22013?
0
What is the thousands digit of 1158?
1
What is the tens digit of 10242?
4
What is the tens digit of 7230?
3
What is the hundreds digit of 1859?
8
What is the tens digit of 77665?
6
What is the thousands digit of 4506?
4
What is the thousands digit of 80438?
0
What is the tens digit of 5040?
4
What is the thousands digit of 3000?
3
What is the thousands digit of 6329?
6
What is the units digit of 30882?
2
What is the tens digit of 22906?
0
What is the units digit of 7274?
4
What is the thousands digit of 26325?
6
What is the units digit of 258?
8
What is the thousands digit of 3516?
3
What is the units digit of 1818?
8
What is the thousands digit of 10593?
0
What is the units digit of 647?
7
What is the tens digit of 2569?
6
What is the hundreds digit of 5840?
8
What is the units digit of 6933?
3
What is the hundreds digit of 16089?
0
What is the ten thousands digit of 48961?
4
What is the hundred thousands digit of 129332?
1
What is the hundreds digit of 1025?
0
What is the ten thousands digit of 13210?
1
What is the thousands digit of 11689?
1
What is the thousands digit of 24394?
4
What is the units digit of 3121?
1
What is the ten thousands digit of 11549?
1
What is the units digit of 25398?
8
What is the tens digit of 37059?
5
What is the units digit of 1994?
4
What is the units digit of 1851?
1
What is the tens digit of 1189?
8
What is the thousands digit of 2068?
2
What is the ten thousands digit of 35156?
3
What is the thousands digit of 3778?
3
What is th